{"id":3631,"date":"2018-04-19T14:29:43","date_gmt":"2018-04-19T17:29:43","guid":{"rendered":"https:\/\/www.me.econo.unlp.edu.ar\/?page_id=3631"},"modified":"2025-10-14T11:42:10","modified_gmt":"2025-10-14T14:42:10","slug":"inscripcion-y-admisiones","status":"publish","type":"page","link":"https:\/\/www.me.econo.unlp.edu.ar\/index.php\/inscripcion-y-admisiones\/","title":{"rendered":"Inscripci\u00f3n y Admisiones"},"content":{"rendered":"<p>[vc_row][vc_column][vc_single_image image=\u00bb4582&#8243; img_size=\u00bbfull\u00bb][vc_empty_space height=\u00bb20&#8243;][\/vc_column][\/vc_row][vc_row dt_row_type=\u00bbin_container\u00bb][vc_column][vc_column_text]<\/p>\n<h1><strong>INSCRIPCI\u00d3N Y ADMISIONES<\/strong><\/h1>\n<p>[\/vc_column_text][vc_column_text]La Maestr\u00eda en Econom\u00eda de la UNLP est\u00e1 abierta a Economistas y otros profesionales con s\u00f3lidos conocimientos de Econom\u00eda, Estad\u00edstica y Matem\u00e1ticas. Los candidatos deben ser graduados de universidades reconocidas, del pa\u00eds o del exterior. Tambi\u00e9n pueden postular candidatos que adeuden como m\u00e1ximo tres (3) asignaturas de la carrera de grado y\/o el trabajo de tesis.[\/vc_column_text][vc_separator]<div class=\"ult-new-ib ult-ib-effect-style1  ult-ib-resp   vc_custom_1637244583731\" data-min-width=\"768\" data-max-width=\"900\" style=\"\" data-opacity=\"1\" data-hover-opacity=\"1\" ><img class=\"ult-new-ib-img\" style=\"opacity:1;\" alt=\"null\" src=\"https:\/\/www.me.econo.unlp.edu.ar\/wp-content\/uploads\/Screen-Shot-2021-11-18-at-10.33.24-AM.png\"   \/><div id=\"interactive-banner-wrap-8052\" class=\"ult-new-ib-desc\" style=\"\"><h2 class=\"ult-new-ib-title ult-responsive\"  data-ultimate-target='#interactive-banner-wrap-8052 .ult-new-ib-title'  data-responsive-json-new='{\"font-size\":\"\",\"line-height\":\"\"}'  style=\"font-weight:normal;\"><\/h2><div class=\"ult-new-ib-content ult-responsive\"  data-ultimate-target='#interactive-banner-wrap-8052 .ult-new-ib-content'  data-responsive-json-new='{\"font-size\":\"\",\"line-height\":\"\"}'  style=\"font-weight:normal;\"><p><\/p><\/div><\/div><a class=\"ult-new-ib-link\" href=\"https:\/\/www.me.econo.unlp.edu.ar\/wp-content\/uploads\/Video-placas.mp4\" target=\" _blank\"><\/a><\/div><script type=\"text\/javascript\">\n\t\t\t(function($){\n\t\t\t\t$(document).ready(function(){\n\t\t\t\t\t$(\".ult-new-ib\").css(\"opacity\",\"1\");\n\t\t\t\t});\n\t\t\t})(jQuery);\n\t\t\t<\/script>[vc_column_text]<\/p>\n<h3><strong>Solicitud de Admisi\u00f3n<\/strong><\/h3>\n<p>[\/vc_column_text][vc_column_text]Para solicitar admisi\u00f3n se deben completar los siguientes pasos:<\/p>\n<ul>\n<li>Enviar la siguiente\u00a0<b>documentaci\u00f3n<\/b> por correo electr\u00f3nico a maestria@depeco.econo.unlp.edu.ar (ver plazos debajo).\n<ol>\n<li><a href=\"https:\/\/www.me.econo.unlp.edu.ar\/wp-content\/uploads\/ficha-inscripcion.pdf\" target=\"_blank\" rel=\"noopener\">Ficha de inscripci\u00f3n completa<\/a>.<\/li>\n<li>Curr\u00edculum vitae actualizado.<\/li>\n<li>Copia del t\u00edtulo de grado (o certificado de t\u00edtulo en tr\u00e1mite, o certificado del total de materias adeudadas &#8211; 3 como m\u00e1ximo).<\/li>\n<li>Certificado anal\u00edtico de los cursos de la carrera de grado, donde conste el promedio con y sin aplazos. Si el promedio est\u00e1 expresado en una escala distinta a la de 1 a 10 puntos, deber\u00e1 presentar un documento oficial con la conversi\u00f3n del promedio a dicha escala.<\/li>\n<li>Dos cartas de referencia donde se detallen las condiciones del postulante. Un modelo propuesto de carta de referencia puede descargarse desde\u00a0<a href=\"https:\/\/www.me.econo.unlp.edu.ar\/wp-content\/uploads\/carta-referencia.pdf\" target=\"_blank\" rel=\"noopener\">aqu\u00ed<\/a>.<\/li>\n<\/ol>\n<\/li>\n<li>Solicitar una\u00a0<b>entrevista<\/b>\u00a0con la directora (antes enviar al menos los documentos 1 a 4 del punto anterior).<\/li>\n<li>Rendir\u00a0<b>examen de ingreso<\/b>\u00a0(<a href=\"https:\/\/www.me.econo.unlp.edu.ar\/wp-content\/uploads\/Programa-examen-ingreso_2023.doc\" target=\"_blank\" rel=\"noopener\">descargar contenidos del examen<\/a>). Los postulantes con t\u00edtulo de universidades extranjeras o graduados de otras carreras deben rendir obligatoriamente el examen a fines de noviembre. Para los postulantes con t\u00edtulo de Licenciados en Econom\u00eda de universidades nacionales, el Comit\u00e9 de Admisiones determina en cada caso si se requiere rendir examen de ingreso u otro requisito.<\/li>\n<\/ul>\n<p>[\/vc_column_text][vc_column_text]<\/p>\n<h3><strong>Cierre de inscripciones para ingresar en abril 2026<\/strong><\/h3>\n<p>[\/vc_column_text][vc_column_text]<strong>Economistas con t\u00edtulo expedido por universidades argentinas<\/strong><\/p>\n<ul>\n<li>Plazo para enviar la documentaci\u00f3n: hasta el 28 de febrero de 2026.<\/li>\n<li>Descuento por inscripci\u00f3n anticipada: 50% de descuento en la matr\u00edcula si se inscriben hasta el 15 de diciembre 2025.<\/li>\n<\/ul>\n<p>(Para ingresar en marzo o en septiembre, enviar documentaci\u00f3n al menos 15 d\u00edas antes).<\/p>\n<p>[\/vc_column_text][vc_column_text]<strong>Economistas de universidades del exterior o graduados de otras disciplinas<\/strong><\/p>\n<ul>\n<li>Plazo para enviar documentaci\u00f3n: hasta el 31 de octubre de 2025.<\/li>\n<li>Examen de ingreso a fines de noviembre (fecha a confirmar, disponible en modalidad virtual).[\/vc_column_text][vc_separator][vc_column_text]<br \/>\n<h3><strong>Costo y Becas<\/strong><\/h3>\n<p>[\/vc_column_text][vc_column_text]<\/p>\n<p style=\"text-align: justify;\">El costo de la Maestr\u00eda se abona en 20 cuotas mensuales y una matr\u00edcula inicial (*).\u00a0 Existe un n\u00famero limitado de becas de investigaci\u00f3n y pr\u00e9stamos a otorgarse en funci\u00f3n de los antecedentes acad\u00e9micos y las necesidades del postulante. Actualmente ofrecemos becas para ingresantes provenientes de universidades argentinas fuera de la UNLP (<a href=\"https:\/\/www.me.econo.unlp.edu.ar\/wp-content\/uploads\/Becas-Maestria-en-Economia-UNLP-2025.pdf\">m\u00e1s informaci\u00f3n<\/a>), becas CEDLAS para realizar estancias de investigaci\u00f3n durante la Maestr\u00eda (<a href=\"https:\/\/www.me.econo.unlp.edu.ar\/wp-content\/uploads\/Becas-CEDLAS-2025.pdf\">m\u00e1s informaci\u00f3n<\/a>) y becas provenientes de la Asociaci\u00f3n de Graduados y Graduadas de la Maestr\u00eda en Econom\u00eda de la UNLP (<a href=\"https:\/\/www.alumnieconomiaunlp.com\/\" target=\"_blank\" rel=\"noopener\">m\u00e1s informaci\u00f3n<\/a>). Para postularse a las becas es necesario adjuntar una nota que debe presentarse junto con el resto de la documentaci\u00f3n solicitada para la inscripci\u00f3n.<\/p>\n<p>(*) Para conocer el valor actual de la matr\u00edcula y las cuotas mensuales escribinos a\u00a0<a href=\"mailto:maestria@depeco.econo.unlp.edu.ar\" target=\"_blank\" rel=\"noopener\">maestria@depeco.econo.unlp.<wbr \/>edu.ar<\/a>. Los postulantes con t\u00edtulo de grado expedido por universidades nacionales, tienen descuento en la matr\u00edcula (50% de descuento en la matr\u00edcula si se inscriben hasta el 15 de diciembre, y 30% para inscripciones en fechas posteriores).[\/vc_column_text][\/vc_column][\/vc_row][vc_row][vc_column][\/vc_column][\/vc_row]<\/li>\n<\/ul>\n","protected":false},"excerpt":{"rendered":"<p>[vc_row][vc_column][vc_single_image image=\u00bb4582&#8243; img_size=\u00bbfull\u00bb][vc_empty_space height=\u00bb20&#8243;][\/vc_column][\/vc_row][vc_row dt_row_type=\u00bbin_container\u00bb][vc_column][vc_column_text] INSCRIPCI\u00d3N Y ADMISIONES [\/vc_column_text][vc_column_text]La Maestr\u00eda en Econom\u00eda de la UNLP est\u00e1 abierta a Economistas y otros profesionales con s\u00f3lidos conocimientos&#8230;<\/p>\n<p class=\"readmore\"><a class=\"more-btn\" href=\"https:\/\/www.me.econo.unlp.edu.ar\/index.php\/inscripcion-y-admisiones\/\">Ver<\/a><\/p>\n","protected":false},"author":1,"featured_media":0,"parent":0,"menu_order":0,"comment_status":"closed","ping_status":"closed","template":"template-homepage.php","meta":[],"_links":{"self":[{"href":"https:\/\/www.me.econo.unlp.edu.ar\/index.php\/wp-json\/wp\/v2\/pages\/3631"}],"collection":[{"href":"https:\/\/www.me.econo.unlp.edu.ar\/index.php\/wp-json\/wp\/v2\/pages"}],"about":[{"href":"https:\/\/www.me.econo.unlp.edu.ar\/index.php\/wp-json\/wp\/v2\/types\/page"}],"author":[{"embeddable":true,"href":"https:\/\/www.me.econo.unlp.edu.ar\/index.php\/wp-json\/wp\/v2\/users\/1"}],"replies":[{"embeddable":true,"href":"https:\/\/www.me.econo.unlp.edu.ar\/index.php\/wp-json\/wp\/v2\/comments?post=3631"}],"version-history":[{"count":43,"href":"https:\/\/www.me.econo.unlp.edu.ar\/index.php\/wp-json\/wp\/v2\/pages\/3631\/revisions"}],"predecessor-version":[{"id":5442,"href":"https:\/\/www.me.econo.unlp.edu.ar\/index.php\/wp-json\/wp\/v2\/pages\/3631\/revisions\/5442"}],"wp:attachment":[{"href":"https:\/\/www.me.econo.unlp.edu.ar\/index.php\/wp-json\/wp\/v2\/media?parent=3631"}],"curies":[{"name":"wp","href":"https:\/\/api.w.org\/{rel}","templated":true}]}}